s digit of v?
8
Let g(u) = -11*u + 2. Let p be g(-4). Suppose -q = 5*b - 21, 3*q + q = -b + p. What is the tens digit of q?
1
Suppose 0 = -5*n - 2*y + 43, -5*n = -2*y - 20 - 27. What is the units digit of n?
9
Suppose -33*w + 29*w + 276 = 0. What is the tens digit of w?
6
Suppose 34 = 3*t - 4*s, 5*t + 5*s = 3*t + 38. Suppose 0*v + t = 5*l - 4*v, 0 = 2*l + 2*v - 2. What is the units digit of l?
2
Let y = 24 - 39. What is the units digit of (-112)/(-6) + (-5)/y?
9
Let d = -16 + 19. What is the tens digit of 19*6/d - 2?
3
Let m be (-70)/(-8) - (-3)/12. What is the units digit of (42/m - 2)*3?
8
Suppose -v = 2*v - 27. Suppose -j + 3*o + v = 0, j - 3*o + 2*o = 3. What is the units digit of j/(-1) + (-1 - -6)?
5
Let n(f) = -f**3 + 5*f**2 + f. Let a be n(5). Let j = -12 - -49. Suppose -u = 2*l - 13, -a*u - 5*l = -2*u - j. What is the units digit of u?
9
Let x be 28/10 + 3/15. Suppose 78 = 2*t + 3*s, 8 = -x*s - s. What is the tens digit of t?
4
Let m = 34 - 10. What is the tens digit of m?
2
Let m(u) = -4*u. Let x be m(1). Let a = x + 20. What is the units digit of a?
6
Let d(r) = 110*r**2 + 5*r - 2. What is the hundreds digit of d(1)?
1
Let h = 317 - 140. What is the tens digit of h?
7
What is the tens digit of (-3)/(-1 + (372/75 - 4))?
7
Let r = -1 - -2. Let m be (0 + r)*(-20)/(-2). Suppose m + 10 = 4*x. What is the units digit of x?
5
Let i be (3/(-9))/((-2)/30). Suppose 5 = -4*f + 13. Suppose -b = -f*q - 12, -b + i*q = q - 22. What is the units digit of b?
2
Let v be 524/(-22) + 2/(-11). Let w = v + 12. Let q = w - -21. What is the units digit of q?
9
Suppose -10*k + 8*k + 940 = 5*r, 2*k = 3*r - 564. What is the hundreds digit of r?
1
Let m be 663/15 - (-2)/(-10). What is the units digit of m/(-6)*6/(-4)?
1
What is the tens digit of (12/18)/((-4)/(-234))?
3
Suppose 3 = -h + 1. Let g = 4 + h. Suppose -g*a + 2 = f - 4, -3*f + a + 25 = 0. What is the units digit of f?
8
Suppose 10*q - 6*q - 176 = 0. Suppose 5*b - 2*t = q + 79, -5*t = 4*b - 72. What is the tens digit of b?
2
Suppose 3*a - 28 = 8*a - 4*f, 4*f = 4*a + 20. Let z(w) = w**3 + 8*w**2 - w + 7. What is the units digit of z(a)?
5
Let a(d) = 4*d**2 + 5*d - 12. What is the tens digit of a(-5)?
6
Let l be (2/6)/((-2)/(-24)). Let d(y) = 2 - l - 6*y**2 - 1 - y**3 + 5*y. What is the tens digit of d(-7)?
1
Suppose -5*q = -24 - 26. What is the tens digit of q?
1
Let k(c) = c**3 - 9*c**2 + 4*c + 8. Let t be k(9). Suppose 3*u - 119 = -4*z + 7, u - t = -2*z. What is the units digit of u?
8
Suppose 0*p = 3*p + 6, -2*r + 2*p + 60 = 0. Let l = r - 16. What is the units digit of l?
2
Let l = -19 - -25. What is the units digit of l?
6
Let d(v) = -v**3 - 3*v**2 + 13*v - 17. What is the units digit of d(-7)?
8
Suppose 2*z - 114 = -z - g, 0 = 3*z + 2*g - 111. What is the tens digit of z?
3
Suppose -1541 = -10*l + 1589. What is the units digit of l?
3
Let a = 6 + -2. Suppose q - a*q = -6. Suppose 3*d - 13 = 2*o, -2*d = -q*o + 3 - 9. What is the units digit of d?
7
Suppose 3*n - 146 = 19. What is the units digit of n?
5
Let q = -44 - -96. What is the tens digit of q?
5
Suppose 2*w - 57 = -s - 20, -s - w + 36 = 0. Suppose s + 85 = 5*g. What is the units digit of g?
4
Let l(y) = 7*y - 1. Let s(q) = 11*q - 2. Let z(i) = 8*l(i) - 5*s(i). What is the units digit of z(7)?
9
What is the tens digit of (40 - -2) + (1 - 4)?
3
Let t = 3 - 2. Suppose 2*b - 5 = t. Suppose 5*s + 0*r = -2*r + 36, 5*s - 46 = b*r. What is the units digit of s?
8
Suppose -3*m = -2*h - 0*h - 67, 0 = -3*m - h + 61. What is the tens digit of m?
2
What is the tens digit of 276/15 + (-15)/(-25)?
1
Let c(g) = -g**3 - 7*g**2 - g - 5. Let i be c(-7). Let j be i/(-4)*-1*10. Suppose 2*a - 44 = -b - b, j*b - 42 = -a. What is the tens digit of a?
1
Let j(r) = r - 1. Let d(t) = 1. Let w(b) = 6*d(b) - j(b). Let l be w(7). Let f = 1 + l. What is the units digit of f?
1
Let w = 22 + -15. Let y = w + 13. Suppose -5*n + 0*n + y = 0. What is the units digit of n?
4
What is the tens digit of 42/1 + (6 - 5)?
4
Suppose -q + 4 = -2*l - 3*l, 0 = -2*q - 5*l + 38. Suppose -q = -2*t + t. Let n = t - 4. What is the units digit of n?
0
What is the units digit of 27 + (2 - 7) + 3?
5
Let p = -18 + 33. Suppose 0*k = -5*k + p. Suppose -30 = -2*s - 0*s + 2*v, k*s - 5*v = 53. What is the tens digit of s?
1
Suppose -13*x + 10*x + 6 = -5*q, -x - 3*q = -16. What is the units digit of x?
7
Let g = 3 - 0. Suppose 0 = -g*x + 4*x - m - 45, 5*x = -3*m + 185. What is the units digit of x?
0
Let n = -7 - -4. Let h(m) = -2*m. Let x be h(n). What is the units digit of (-2)/(2 + x/(-2))?
2
Let c = 37 + 4. Let o = c - 14. What is the tens digit of o?
2
Let w = -1 - 0. Let r = 3 + w. What is the units digit of r/(-3)*(-60)/8?
5
Let a(p) be the third derivative of p**5/60 - p**4/24 - 5*p**3/6 - 4*p**2. What is the units digit of a(-4)?
5
Suppose -570 = -0*l - 6*l. What is the tens digit of l?
9
Suppose c - 3*c = -4. Let y(l) = -23*l + 13. Let z(t) = -11*t + 6. Let k(f) = 4*y(f) - 9*z(f). What is the tens digit of k(c)?
1
Let d(g) = g - 1. Let m(j) = 6*j - 8. Let l(u) = -10*d(u) + 2*m(u). Let f be l(-6). Let t = f + 25. What is the units digit of t?
7
Suppose -69 = -4*x + 5*g - 0*g, -4*x + 29 = 3*g. Let b = x + 1. What is the units digit of ((-9)/2)/((-9)/b)?
6
Let p = 59 - 5. What is the tens digit of p?
5
Let a = -4 + -5. Let o = -6 - a. What is the units digit of o?
3
Let t = 62 + -30. What is the units digit of t?
2
Suppose 166 = 3*r - 5*c, 0 = 5*r + c - 280 + 50. What is the units digit of r?
7
Let p(o) = 3*o**2 - 4*o - 24. What is the units digit of p(8)?
6
Suppose 4*p - 9*p = -15, 5*b - 2*p = 9. Let g be -6*((-30)/9 - -3). Suppose g*u + 0*u - b = -y, 4*y + 8 = 2*u. What is the units digit of u?
2
Let h(x) = -x**3 + 4*x**2 + 2*x - 3. Suppose -4*i + 12 = -0*i. What is the tens digit of h(i)?
1
Let y be -1 + 0/1 - -33. Suppose -5*g + y + 4 = -4*w, 4*g = 4*w + 28. What is the units digit of g?
8
Suppose -4*x + 5*z = -89, x + 7 = 3*z + 24. What is the tens digit of x?
2
Suppose -2*t = 2*q + 6, 0*t = -q - 5*t - 19. Suppose -1 = -g + q. What is the units digit of g?
2
Suppose -2 + 0 = 2*s. Let u be 1 + s + 3 + 1. Suppose 3*i + u*c - 5 = 8, 2*c - 5 = -i. What is the units digit of i?
3
Let i = -132 - -154. What is the tens digit of i?
2
Let v(z) = 4. Let u(a) = a - 1. Let r(b) = -4*u(b) - 2*v(b). What is the units digit of r(-3)?
8
Let t(l) = -l**3 - 6*l**2 + 3*l - 10. Let b be t(-7). What is the tens digit of b*(0 - 2/(-3))?
1
Let s(m) = -23*m - 7. Let n(x) = -x**3 - 6*x**2 - 2*x - 7. Let c be n(-6). Let l be s(c). What is the units digit of l/(-12) - (-5)/(-30)?
0
Suppose 3*z = -5*k + 7 + 8, 3*k + 3*z - 9 = 0. Suppose 30 = -0*u + u. Suppose k*x - 5*s + s = u, -5*s = -x + 21. What is the units digit of x?
6
What is the tens digit of 48 - (-1 - (3 - 4))?
4
Suppose 0 = -3*z + 3*w - 42, 3 = 5*z - w + 73. Let k be (z/3)/((-8)/60). Suppose -5*n - 2*j + k = 0, 3*n - j - 10 = -0. What is the units digit of n?
5
Let o be (-3)/((1/(-2))/(-1)). Let a = 2 + o. Let v(i) = -i - 2. What is the units digit of v(a)?
2
Let i = 113 + -61. What is the tens digit of i?
5
Suppose -7 + 1 = m - 2*z, -2*m = 4*z - 12. Suppose 2*g - 8 - 6 = m. What is the units digit of g?
7
Let s(w) = w**2 - 12*w + 34. What is the units digit of s(9)?
7
Let z(l) = 2*l**2 + 7*l + 1. Let j be z(-6). Suppose j + 3 = 2*b. What is the tens digit of b?
1
Suppose 2*c - 35 = 31. What is the units digit of c?
3
Let i(w) = -2*w**3 - 3*w**2 - w + 4. Let s(o) = -1. Let y(n) = i(n) + 2*s(n). What is the units digit of y(-2)?
8
Suppose -n + 0*n + 16 = 2*u, 0 = 2*n + 2*u - 40. Suppose -4*a - 8 = -3*c + 28, 2*c = -a + n. What is the units digit of c?
2
Let u(q) = -q**2 + 6*q + 9. Let o be u(7). Let n be o/3 + 105/(-9). Let z = 16 + n. What is the units digit of z?
5
What is the tens digit of (12/(-8))/((-6)/160)?
4
Suppose 5 = 5*n - 5. Suppose b + 0 = n. What is the units digit of (33/12 - b)*12?
9
Let a(m) = m**3 + 6*m**2 - 6*m. Let z(q) be the first derivative of -q**3/3 - q - 2. Let d(i) = a(i) + 2*z(i). What is the units digit of d(-5)?
3
Suppose 3*z + 4*o = 444, -z - 3*o - 90 = -238. What is the units digit of z?
8
Suppose 5*v = 10 - 80. Let o = 23 + v. What is the units digit of o?
9
Let j = 36 + -11. What is the tens digit of j?
2
Suppose -w = 